052513?
5
What is the thousands digit of 89920082?
0
What is the thousands digit of 489879759?
9
What is the ten millions digit of 250711979?
5
What is the ten millions digit of 171321075?
7
What is the ten millions digit of 651647317?
5
What is the ten thousands digit of 46835341?
3
What is the millions digit of 212078343?
2
What is the millions digit of 170067891?
0
What is the units digit of 47266509?
9
What is the millions digit of 358624776?
8
What is the tens digit of 402392466?
6
What is the hundred millions digit of 3275617850?
2
What is the hundreds digit of 2280802380?
3
What is the units digit of 696382124?
4
What is the millions digit of 44011164?
4
What is the thousands digit of 4656640803?
0
What is the hundreds digit of 2584860399?
3
What is the tens digit of 296623937?
3
What is the units digit of 1116201331?
1
What is the ten millions digit of 78279734?
7
What is the ten thousands digit of 505451885?
5
What is the hundreds digit of 18029384?
3
What is the thousands digit of 42215814?
5
What is the ten millions digit of 28956071?
2
What is the millions digit of 902526640?
2
What is the hundred thousands digit of 1848899472?
8
What is the hundred millions digit of 6337526767?
3
What is the tens digit of 290422045?
4
What is the ten thousands digit of 2045909640?
0
What is the hundred millions digit of 195060009?
1
What is the thousands digit of 223898646?
8
What is the ten millions digit of 983950867?
8
What is the hundred millions digit of 243444593?
2
What is the tens digit of 2218913503?
0
What is the hundred thousands digit of 12609793?
6
What is the ten millions digit of 317125433?
1
What is the hundred millions digit of 3994740216?
9
What is the units digit of 234094169?
9
What is the ten thousands digit of 12527109?
2
What is the tens digit of 152317922?
2
What is the hundred thousands digit of 1380382870?
3
What is the units digit of 195143993?
3
What is the ten thousands digit of 72166285?
6
What is the hundred thousands digit of 118617136?
6
What is the hundred thousands digit of 498163869?
1
What is the hundreds digit of 803601698?
6
What is the ten thousands digit of 513400967?
0
What is the hundreds digit of 80235567?
5
What is the millions digit of 15715285?
5
What is the hundreds digit of 409113054?
0
What is the units digit of 401884124?
4
What is the billions digit of 1086521894?
1
What is the billions digit of 3374742262?
3
What is the millions digit of 22115106?
2
What is the ten thousands digit of 911760907?
6
What is the hundred thousands digit of 59197981?
1
What is the ten thousands digit of 840299424?
9
What is the millions digit of 2146596606?
6
What is the units digit of 371385130?
0
What is the ten millions digit of 507471117?
0
What is the tens digit of 1167339513?
1
What is the hundred thousands digit of 1299466391?
4
What is the hundred thousands digit of 59248014?
2
What is the hundred thousands digit of 9048326?
0
What is the hundred millions digit of 2214614685?
2
What is the thousands digit of 560015340?
5
What is the thousands digit of 2450122135?
2
What is the hundreds digit of 28438291?
2
What is the thousands digit of 57897876?
7
What is the millions digit of 235095875?
5
What is the ten millions digit of 510320673?
1
What is the hundreds digit of 47858671?
6
What is the hundred thousands digit of 5443782787?
7
What is the ten thousands digit of 399255602?
5
What is the ten millions digit of 247958306?
4
What is the thousands digit of 1863567058?
7
What is the ten millions digit of 16622369?
1
What is the hundred thousands digit of 312804382?
8
What is the ten thousands digit of 283330084?
3
What is the hundred thousands digit of 218867513?
8
What is the hundred thousands digit of 312646008?
6
What is the hundred thousands digit of 222878319?
8
What is the hundred millions digit of 275230960?
2
What is the tens digit of 4460353827?
2
What is the thousands digit of 29499756?
9
What is the hundreds digit of 2486283797?
7
What is the thousands digit of 2656976982?
6
What is the hundred thousands digit of 3860264?
8
What is the hundreds digit of 80050011?
0
What is the units digit of 296741026?
6
What is the units digit of 159098777?
7
What is the thousands digit of 3227194749?
4
What is the tens digit of 141348724?
2
What is the units digit of 26487612?
2
What is the ten thousands digit of 54751060?
5
What is the millions digit of 90327761?
0
What is the hundred thousands digit of 233355134?
3
What is the ten millions digit of 14571572?
1
What is the units digit of 1318841388?
8
What is the hundred millions digit of 198045296?
1
What is the ten thousands digit of 149081309?
8
What is the ten thousands digit of 147855530?
5
What is the ten millions digit of 78550389?
7
What is the hundred millions digit of 1062522226?
0
What is the ten millions digit of 1515784052?
1
What is the hundred millions digit of 498816199?
4
What is the tens digit of 1328359455?
5
What is the ten thousands digit of 5884500787?
0
What is the units digit of 262934197?
7
What is the tens digit of 48808655?
5
What is the units digit of 200561918?
8
What is the hundreds digit of 157063119?
1
What is the millions digit of 2925758?
2
What is the hundred thousands digit of 77025302?
0
What is the hundred thousands digit of 355383573?
3
What is the hundred thousands digit of 22325042?
3
What is the millions digit of 681270221?
1
What is the hundred millions digit of 182590621?
1
What is the thousands digit of 2241836180?
6
What is the tens digit of 1146180250?
5
What is the ten thousands digit of 278310498?
1
What is the millions digit of 2704300043?
4
What is the hundred millions digit of 3525033517?
5
What is the ten thousands digit of 42533159?
3
What is the millions digit of 5314946852?
4
What is the ten thousands digit of 12176461?
7
What is the units digit of 2660472901?
1
What is the tens digit of 158418236?
3
What is the hundreds digit of 38582901?
9
What is the ten thousands digit of 128031681?
3
What is the hundred millions digit of 1036468012?
0
What is the ten millions digit of 66896787?
6
What is the millions digit of 299728133?
9
What is the ten millions digit of 3758749335?
5
What is the tens digit of 580843574?
7
What is the thousands digit of 1314786535?
6
What is the hundreds digit of 541421914?
9
What is the ten millions digit of 21937043?
2
What is the millions digit of 4931068?
4
What is the hundreds digit of 696607155?
1
What is the ten millions digit of 116033887?
1
What is the hundreds digit of 104283089?
0
What is the ten millions digit of 204487528?
0
What is the hundred thousands digit of 2470852520?
8
What is the units digit of 98855956?
6
What is the units digit of 155607212?
2
What is the billions digit of 6292920250?
6
What is the tens digit of 46588286?
8
What is the thousands digit of 7839184348?
4
What is the hundred thousands digit of 631516702?
5
What is the hundred millions digit of 127395671?
1
What is the millions digit of 404155475?
4
What is the tens digit of 588204?
0
What is the tens digit of 154361462?
6
What is the units digit of 6627801603?
3
What is the ten thousands digit of 45900143?
0
What is the ten millions digit of 123662067?
2
What is the ten thousands digit of 4161421021?
2
What is the tens digit of 495747868?
6
What is the hundreds digit of 222592962?
9
What is the thousands digit of 678169254?
9
What is the ten millions digit of 2448178371?
4
What is the ten thousands digit of 682483352?
8
What is the hundred thousands digit of 120476342?
4
What is the tens digit of 25500438?
3
What is the billions digit of 1015704080?
1
What is the units digit of 74046372?
2
What is the hundred millions digit of 493591335?
4
What is the hundreds digit of 4048422325?
3
What is the hundred thousands digit of 2976758986?
7
What is the hundred thousands digit of 86338844?
3
What is the hundreds digit of 25030949?
9
What is the ten millions digit of 418175785?
1
What is the hundreds digit of 191722062?
0
What is the ten thousands digit of 50190860?
9
What is the hundred thousands digit of 4049500556?
5
What is the ten millions digit of 3541005914?
4
What is the thousands digit of 1616695799?
5
What is the thousands digit of 193573722?
3
What is the ten millions digit of 3231800471?
3
What